z - 197 = -2*c, -z - z - 5*c + 135 = 0. Calculate the remainder when z is divided by 23 + -2 + -1 + -13 + 15.
21
Suppose -5*l - 129 = -324. What is the remainder when 68 is divided by l?
29
Suppose -61 - 2 = -a. What is the remainder when a is divided by 14?
7
Let i(p) = 3*p**2 - 15*p. Let v be i(5). Suppose v = -4*g - 2*q + 12 + 18, -45 = -5*g - 5*q. What is the remainder when 34 is divided by g?
4
Let n be -3 + -4*(-45)/12. Suppose n*y - 7*y - 25 = 0. Let r(s) = s**2 + s - 2. What is the remainder when y is divided by r(2)?
1
Let d(q) = q**2 - 5*q - 5*q + 4*q + 5*q - 3. Let t be d(0). Calculate the remainder when 71 is divided by 3 - 1 - -13 - t.
17
Suppose 2*u = d + 76, -4*u = 4*d - 2*d - 136. Let n = 50 - u. What is the remainder when 53 is divided by n?
11
Let l = -575 - -616. Calculate the remainder when 137 is divided by l.
14
Suppose 0 = -3*p + 4*t + 178, 58*p - 55*p = -t + 158. What is the remainder when 219 is divided by p?
3
Let a(y) = 183*y - 37. Calculate the remainder when a(1) is divided by 13.
3
Suppose 2*x - 21 + 172 = -5*v, 3*x - 107 = 4*v. Let m = 44 + v. Calculate the remainder when 22 is divided by m.
7
Suppose 3*s = -4*v + 24, 0 = -16*s + 19*s. Calculate the remainder when 15 is divided by v.
3
Calculate the remainder when 1544/6*9/72*6 is divided by 49.
46
Let o = -994 - -1259. What is the remainder when o is divided by 55?
45
Let l(i) = -i**3 + 5*i**2 + 2*i + 2. Let f be l(-4). Suppose 0 = -3*m + 387 - f. What is the remainder when m is divided by 21?
20
Suppose c - 3*o = 368, 0 = -5*c - o - o + 1925. Calculate the remainder when c is divided by 56.
47
Let v be (-46)/4 + (-10)/(-20). Let z be 1/((-2)/(v + 1)). Suppose -z*t + 271 = 36. What is the remainder when t is divided by 12?
11
Let w(m) = m**3 + 20*m**2 - 4*m + 70. Calculate the remainder when w(-20) is divided by 11.
7
Suppose -3*q - 20*f + 82 = -25*f, -4*q - 3*f = -119. What is the remainder when q is divided by 16?
13
Suppose -33 + 14 = -5*a + 3*s, 5*s + 23 = 4*a. Suppose 3*w - 18 = -3*r, -3*w + 3*r + 6 = a*w. Calculate the remainder when (6/(-5))/(9/(-30)) is divided by w.
1
Suppose -3*p + 8*p - 460 = 0. Let t = p + -68. Calculate the remainder when t is divided by 13.
11
Let v = 616 + -465. What is the remainder when v is divided by 31?
27
Suppose 0 = f - 19 - 49. Let i = -1 - -37. Suppose -x + i = w - 2*w, 3*x + 5*w - f = 0. What is the remainder when x is divided by 11?
9
Let s be (-1135)/6 - (-3)/18. Calculate the remainder when (-7 - -8)/((-3)/s) is divided by 16.
15
Suppose 86 = 8*m - 50. Suppose -3*o - 5 = -23. Calculate the remainder when m/(0 + 3 - 2) is divided by o.
5
Let v(b) = 2*b**3 + 19*b**2 + 7*b - 23. Calculate the remainder when v(-8) is divided by 52.
9
Suppose -2*d + 0*f + 4 = -2*f, -29 = -4*d - 3*f. Suppose -a + 0*a + 4*s = -22, 2*a + d*s = 18. Calculate the remainder when 32 is divided by a.
4
Let b = 209 - 99. Suppose b = -p + 2*p. Calculate the remainder when p is divided by 2/(-4)*-14*4.
26
Let q = -79 + 47. Let a = -29 - q. What is the remainder when 5 - (-4*1 - -2) is divided by a?
1
Let p be -3 + (2 - (4 + -1)). What is the remainder when 26 is divided by (-11)/22 + (-38)/p?
8
Let u = -36 - -37. What is the remainder when 18 is divided by ((-6)/(-5) - u) + 343/35?
8
What is the remainder when 4 - (-1 - (-1008)/(-7)) is divided by 25?
24
Let y(c) = -c**3 - 6*c**2 - 3*c - 14. Let l be y(-6). Let q be (-308)/9 - l/(-18). Let i = q + 48. Calculate the remainder when 25 is divided by i.
11
Let n = 16 + -26. Suppose -2 = -2*f + 2*l, 5*f - 4*l + 2 = 4. What is the remainder when (-8 + 9)/(f/n) is divided by 3?
2
Suppose -k - 75 = -f, -265 = -0*f - 3*f - 5*k. Suppose 6*m - 85 = -5*d + 3*m, 5*d - f = -4*m. Calculate the remainder when 37 is divided by d.
17
Let c be (-332)/(-14) + 96/42 + -2. Let g = -19 + c. Calculate the remainder when 12 is divided by g.
2
Suppose -59*x + 61*x = -5*v + 673, 0 = 3*v - 4*x - 383. What is the remainder when v is divided by 41?
10
Let m be 3/((-420)/413 + 1/1). Let v = -124 - m. Calculate the remainder when v is divided by 11.
9
Let d = -229 + 486. Let z = 369 - d. Let g = -61 + z. What is the remainder when g is divided by 27?
24
Let v(h) = h**3 - 10*h**2 + 8*h + 13. Let p be v(9). Suppose -p*m = 19 + 117. Let i = m + 70. Calculate the remainder when i is divided by 19.
17
Let d(r) = -4*r**3 + 6*r**2 - 6*r + 2. Let f(m) = 3*m**3 - 7*m**2 + 7*m - 2. Let t(s) = -2*d(s) - 3*f(s). What is the remainder when 182 is divided by t(7)?
34
Let w be -4 - -7 - (2 + 1). Suppose w*d = d - 17. What is the remainder when d is divided by 10?
7
Suppose -167 - 59 = -2*g. Calculate the remainder when 225 is divided by g.
112
Calculate the remainder when 264 is divided by 0 + 51 - (-17 + (8 - -7)).
52
Suppose -3*v + 63 = -o, 4*o - 47 = -3*v + 16. Let p = -11 + v. Calculate the remainder when (-2)/7 - (426/(-21) + 3) is divided by p.
7
Calculate the remainder when 122 is divided by (-4)/6 + 380/12.
29
Let l = 9 + -7. Suppose -4*j + 26 = 2*g, -l*j - j + 18 = g. Calculate the remainder when 12 is divided by j.
2
Suppose -24*n - 13*n + 3700 = 0. Calculate the remainder when 294 is divided by n.
94
Suppose 242 = 5*b - w + 4*w, 5*w - 20 = 0. Let m = 14 + -33. Let x = 35 + m. What is the remainder when b is divided by x?
14
Let t = -17 - -107. Suppose 2*o + 0*o + s = 26, -4*s + 14 = 2*o. Suppose -4*w + w = 2*q - 83, 3*q = -o. Calculate the remainder when t is divided by w.
28
Let v(g) = -18*g + 131. Calculate the remainder when 24 is divided by v(6).
1
Suppose 3*d + 168 = -3*i, -4*i - i = d + 276. Let u = i - -67. Calculate the remainder when 46 is divided by u.
10
Let p(c) = c**2 - 7*c + 8. Let o be p(-6). Suppose -197 - 235 = -3*r. Let k = r - o. What is the remainder when k is divided by 15?
13
Let b(w) = -w**3 + 7*w**2 + 13*w - 9. Calculate the remainder when 216 is divided by b(8).
30
Suppose 4*u = 2*q + 294, -5*q - 5*u = 629 + 151. Let s = -104 - q. What is the remainder when s is divided by 25?
24
Let h(g) = -g + 17. Let f be h(14). Suppose -d + 86 = f*a, 5*a = d - 5*d + 155. Calculate the remainder when a is divided by (-3)/(-2 + (-58)/(-32)).
11
Suppose 43 = 2*c - 2*i + 5*i, 4*i = 5*c - 73. Let y = c - 29. Let m = 15 + y. Calculate the remainder when 11 is divided by m.
2
Suppose -g = -5*i + 2*g + 78, -2*g - 77 = -5*i. Let y(x) = 4*x + 3. Calculate the remainder when y(5) is divided by i.
8
Let r be -5*(-2)/10 + 4. Suppose 2*s - r*s = -75. Calculate the remainder when 99 is divided by s.
24
Suppose -1164 = -4*m - 2*s, 71*m = 76*m - 2*s - 1473. Calculate the remainder when m is divided by 282.
11
Let l = -44 + 29. Let k = -13 - l. Calculate the remainder when 58 + k + -5 + 2 is divided by 20.
17
Suppose -4*a + 209 = -207. Suppose -6*g - 2*g + a = 0. What is the remainder when 48 is divided by g?
9
Calculate the remainder when 3/(-21) - 285/(-35) is divided by 5.
3
Let i = -16 - -10. Suppose 0*k + 15*k = 750. Calculate the remainder when k is divided by (-82)/(-6) - i/(-9).
11
Suppose 3*h + 36 = -9*h. What is the remainder when 53 is divided by (h - -2)*16/(-2)?
5
Let p = -2698 + 2730. Let l(o) = -19*o**3 + o**2 - o. What is the remainder when l(-2) is divided by p?
30
Let z(u) = -3*u**2 + 8*u - 24. Let w be z(6). Let q = 92 + w. What is the remainder when 28 is divided by q?
4
Let k = -34 + 59. Let b be (77/(-22))/(1/(-2)). Suppose -b*f + 2*f + 45 = 0. Calculate the remainder when k is divided by f.
7
Suppose 33*y - 233 = 97. What is the remainder when 1017 is divided by y?
7
Suppose -2*k - 6*k + 88 = 0. What is the remainder when k is divided by (-5 - -1)/(2 - (-10)/(-4))?
3
Let o be (-14)/49 - (-174)/21. Calculate the remainder when 820/o*(-2)/(-5) is divided by 21.
20
Let j(b) be the first derivative of 2*b**2 - 34*b + 5. What is the remainder when 107 is divided by j(14)?
19
Let l(u) = -16*u**3 - u**2 - u - 1. Calculate the remainder when l(-2) is divided by -1 - (-6 + -35 - (4 - 1)).
39
Let l = 1 + 2. Suppose 34 = 4*m + 2*j, j + 27 = 4*m - 2*m. Let i(h) = -h**2 + 14*h - 25. What is the remainder when i(m) is divided by l?
2
Let m = -124 + 132. Suppose 2*b = -4*p + 84, p - 146 = -4*b + m. What is the remainder when b is divided by 14?
10
Let q = 39 + -9. What is the remainder when (q/5)/((-3)/(-16)) is divided by 7?
4
